{"id":16,"date":"2024-03-16T00:32:02","date_gmt":"2024-03-16T00:32:02","guid":{"rendered":"https:\/\/museopresidentes.org.mx\/noticias\/?page_id=16"},"modified":"2024-03-18T02:00:12","modified_gmt":"2024-03-18T02:00:12","slug":"noticias","status":"publish","type":"page","link":"https:\/\/museopresidentes.org.mx\/noticias\/noticias\/","title":{"rendered":"Noticias"},"content":{"rendered":"\n<div class=\"wp-block-query is-layout-flow wp-block-query-is-layout-flow\"><ul class=\"wp-block-post-template is-layout-flow wp-block-post-template-is-layout-flow\"><li class=\"wp-block-post post-359 post type-post status-publish format-standard has-post-thumbnail hentry category-noticias\">\n<h2 class=\"wp-block-post-title\"><a href=\"https:\/\/museopresidentes.org.mx\/noticias\/noticias\/reconocimiento-del-h-congreso-del-estado-de-coahuila-al-museo-por-su-xv-aniversario\/\" target=\"_self\" >Reconocimiento del H. Congreso del Estado de Coahuila al Museo por su XV Aniversario<\/a><\/h2>\n\n<figure class=\"alignwide wp-block-post-featured-image\"><a href=\"https:\/\/museopresidentes.org.mx\/noticias\/noticias\/reconocimiento-del-h-congreso-del-estado-de-coahuila-al-museo-por-su-xv-aniversario\/\" target=\"_self\"  ><img loading=\"lazy\" decoding=\"async\" width=\"1440\" height=\"960\" src=\"https:\/\/museopresidentes.org.mx\/noticias\/wp-content\/uploads\/2025\/11\/568774793_1274714597792570_7563552294733718383_n.jpg\" class=\"attachment-post-thumbnail size-post-thumbnail wp-post-image\" alt=\"Reconocimiento del H. Congreso del Estado de Coahuila al Museo por su XV Aniversario\" style=\"object-fit:cover;\" srcset=\"https:\/\/museopresidentes.org.mx\/noticias\/wp-content\/uploads\/2025\/11\/568774793_1274714597792570_7563552294733718383_n.jpg 1440w, https:\/\/museopresidentes.org.mx\/noticias\/wp-content\/uploads\/2025\/11\/568774793_1274714597792570_7563552294733718383_n-300x200.jpg 300w, https:\/\/museopresidentes.org.mx\/noticias\/wp-content\/uploads\/2025\/11\/568774793_1274714597792570_7563552294733718383_n-1024x683.jpg 1024w, https:\/\/museopresidentes.org.mx\/noticias\/wp-content\/uploads\/2025\/11\/568774793_1274714597792570_7563552294733718383_n-768x512.jpg 768w\" sizes=\"auto, (max-width: 1440px) 100vw, 1440px\" \/><\/a><\/figure>\n\n<div class=\"wp-block-post-excerpt\"><p class=\"wp-block-post-excerpt__excerpt\">En el marco de la celebraci\u00f3n del d\u00e9cimo quinto aniversario de nuestro Museo, el H. Congreso del Estado de Coahuila realiz\u00f3 este d\u00eda un pronunciamiento oficial y entreg\u00f3 un reconocimiento con motivo de nuestros primeros 15 a\u00f1os de labor continua en favor de la cultura y la historia de nuestra entidad. Expresamos nuestro sincero agradecimiento<\/p><p class=\"wp-block-post-excerpt__more-text\"><a class=\"wp-block-post-excerpt__more-link\" href=\"https:\/\/museopresidentes.org.mx\/noticias\/noticias\/reconocimiento-del-h-congreso-del-estado-de-coahuila-al-museo-por-su-xv-aniversario\/\">Leer M\u00e1s&#8230;<\/a><\/p><\/div>\n\n\n<hr class=\"wp-block-separator has-css-opacity\"\/>\n\n\n<div class=\"wp-block-post-date\"><time datetime=\"2025-10-28T23:39:25+00:00\">octubre 28, 2025<\/time><\/div>\n<\/li><li class=\"wp-block-post post-351 post type-post status-publish format-standard has-post-thumbnail hentry category-noticias\">\n<h2 class=\"wp-block-post-title\"><a href=\"https:\/\/museopresidentes.org.mx\/noticias\/noticias\/noche-de-museos\/\" target=\"_self\" >Noche de Museos<\/a><\/h2>\n\n<figure class=\"alignwide wp-block-post-featured-image\"><a href=\"https:\/\/museopresidentes.org.mx\/noticias\/noticias\/noche-de-museos\/\" target=\"_self\"  ><img loading=\"lazy\" decoding=\"async\" width=\"1440\" height=\"1440\" src=\"https:\/\/museopresidentes.org.mx\/noticias\/wp-content\/uploads\/2025\/10\/557646293_1256569682940395_1911920640768957573_n.jpg\" class=\"attachment-post-thumbnail size-post-thumbnail wp-post-image\" alt=\"Noche de Museos\" style=\"object-fit:cover;\" srcset=\"https:\/\/museopresidentes.org.mx\/noticias\/wp-content\/uploads\/2025\/10\/557646293_1256569682940395_1911920640768957573_n.jpg 1440w, https:\/\/museopresidentes.org.mx\/noticias\/wp-content\/uploads\/2025\/10\/557646293_1256569682940395_1911920640768957573_n-300x300.jpg 300w, https:\/\/museopresidentes.org.mx\/noticias\/wp-content\/uploads\/2025\/10\/557646293_1256569682940395_1911920640768957573_n-1024x1024.jpg 1024w, https:\/\/museopresidentes.org.mx\/noticias\/wp-content\/uploads\/2025\/10\/557646293_1256569682940395_1911920640768957573_n-150x150.jpg 150w, https:\/\/museopresidentes.org.mx\/noticias\/wp-content\/uploads\/2025\/10\/557646293_1256569682940395_1911920640768957573_n-768x768.jpg 768w\" sizes=\"auto, (max-width: 1440px) 100vw, 1440px\" \/><\/a><\/figure>\n\n<div class=\"wp-block-post-excerpt\"><p class=\"wp-block-post-excerpt__excerpt\">El Gobierno del Estado de Coahuila, en conjunto con el Gobierno Municipal de Saltillo y el Museo de los Presidentes Coahuilenses, invita al p\u00fablico a disfrutar de una nueva edici\u00f3n de la Noche de Museos, un evento que busca acercar la cultura y la historia a la comunidad en un ambiente nocturno lleno de arte<\/p><p class=\"wp-block-post-excerpt__more-text\"><a class=\"wp-block-post-excerpt__more-link\" href=\"https:\/\/museopresidentes.org.mx\/noticias\/noticias\/noche-de-museos\/\">Leer M\u00e1s&#8230;<\/a><\/p><\/div>\n\n\n<hr class=\"wp-block-separator has-css-opacity\"\/>\n\n\n<div class=\"wp-block-post-date\"><time datetime=\"2025-10-07T17:19:53+00:00\">octubre 7, 2025<\/time><\/div>\n<\/li><li class=\"wp-block-post post-354 post type-post status-publish format-standard has-post-thumbnail hentry category-noticias\">\n<h2 class=\"wp-block-post-title\"><a href=\"https:\/\/museopresidentes.org.mx\/noticias\/noticias\/taller-de-alebrijes\/\" target=\"_self\" >Taller de Alebrijes<\/a><\/h2>\n\n<figure class=\"alignwide wp-block-post-featured-image\"><a href=\"https:\/\/museopresidentes.org.mx\/noticias\/noticias\/taller-de-alebrijes\/\" target=\"_self\"  ><img loading=\"lazy\" decoding=\"async\" width=\"1440\" height=\"1440\" src=\"https:\/\/museopresidentes.org.mx\/noticias\/wp-content\/uploads\/2025\/10\/556889896_1252330606697636_2565037977409133340_n.jpg\" class=\"attachment-post-thumbnail size-post-thumbnail wp-post-image\" alt=\"Taller de Alebrijes\" style=\"object-fit:cover;\" srcset=\"https:\/\/museopresidentes.org.mx\/noticias\/wp-content\/uploads\/2025\/10\/556889896_1252330606697636_2565037977409133340_n.jpg 1440w, https:\/\/museopresidentes.org.mx\/noticias\/wp-content\/uploads\/2025\/10\/556889896_1252330606697636_2565037977409133340_n-300x300.jpg 300w, https:\/\/museopresidentes.org.mx\/noticias\/wp-content\/uploads\/2025\/10\/556889896_1252330606697636_2565037977409133340_n-1024x1024.jpg 1024w, https:\/\/museopresidentes.org.mx\/noticias\/wp-content\/uploads\/2025\/10\/556889896_1252330606697636_2565037977409133340_n-150x150.jpg 150w, https:\/\/museopresidentes.org.mx\/noticias\/wp-content\/uploads\/2025\/10\/556889896_1252330606697636_2565037977409133340_n-768x768.jpg 768w\" sizes=\"auto, (max-width: 1440px) 100vw, 1440px\" \/><\/a><\/figure>\n\n<div class=\"wp-block-post-excerpt\"><p class=\"wp-block-post-excerpt__excerpt\">El Museo de los Presidentes Coahuilenses invita al p\u00fablico en general a participar en el Taller de Alebrijes, una actividad totalmente gratuita que busca fomentar la creatividad, el arte popular y el aprendizaje en familia. Este taller representa una oportunidad \u00fanica para conocer m\u00e1s sobre la elaboraci\u00f3n de estas coloridas figuras tradicionales que forman parte<\/p><p class=\"wp-block-post-excerpt__more-text\"><a class=\"wp-block-post-excerpt__more-link\" href=\"https:\/\/museopresidentes.org.mx\/noticias\/noticias\/taller-de-alebrijes\/\">Leer M\u00e1s&#8230;<\/a><\/p><\/div>\n\n\n<hr class=\"wp-block-separator has-css-opacity\"\/>\n\n\n<div class=\"wp-block-post-date\"><time datetime=\"2025-10-02T17:35:48+00:00\">octubre 2, 2025<\/time><\/div>\n<\/li><\/ul><\/div>\n","protected":false},"excerpt":{"rendered":"","protected":false},"author":1,"featured_media":0,"parent":0,"menu_order":0,"comment_status":"closed","ping_status":"closed","template":"","meta":{"footnotes":""},"class_list":["post-16","page","type-page","status-publish","hentry"],"_links":{"self":[{"href":"https:\/\/museopresidentes.org.mx\/noticias\/wp-json\/wp\/v2\/pages\/16","targetHints":{"allow":["GET"]}}],"collection":[{"href":"https:\/\/museopresidentes.org.mx\/noticias\/wp-json\/wp\/v2\/pages"}],"about":[{"href":"https:\/\/museopresidentes.org.mx\/noticias\/wp-json\/wp\/v2\/types\/page"}],"author":[{"embeddable":true,"href":"https:\/\/museopresidentes.org.mx\/noticias\/wp-json\/wp\/v2\/users\/1"}],"replies":[{"embeddable":true,"href":"https:\/\/museopresidentes.org.mx\/noticias\/wp-json\/wp\/v2\/comments?post=16"}],"version-history":[{"count":3,"href":"https:\/\/museopresidentes.org.mx\/noticias\/wp-json\/wp\/v2\/pages\/16\/revisions"}],"predecessor-version":[{"id":80,"href":"https:\/\/museopresidentes.org.mx\/noticias\/wp-json\/wp\/v2\/pages\/16\/revisions\/80"}],"wp:attachment":[{"href":"https:\/\/museopresidentes.org.mx\/noticias\/wp-json\/wp\/v2\/media?parent=16"}],"curies":[{"name":"wp","href":"https:\/\/api.w.org\/{rel}","templated":true}]}}

<div class="wp-block-query is-layout-flow wp-block-query-is-layout-flow"><ul class="wp-block-post-template is-layout-flow wp-block-post-template-is-layout-flow"><li class="wp-block-post post-359 post type-post status-publish format-standard has-post-thumbnail hentry category-noticias">
<h2 class="wp-block-post-title"><a href="https://museopresidentes.org.mx/noticias/noticias/reconocimiento-del-h-congreso-del-estado-de-coahuila-al-museo-por-su-xv-aniversario/" target="_self" >Reconocimiento del H. Congreso del Estado de Coahuila al Museo por su XV Aniversario</a></h2>

<figure class="alignwide wp-block-post-featured-image"><a href="https://museopresidentes.org.mx/noticias/noticias/reconocimiento-del-h-congreso-del-estado-de-coahuila-al-museo-por-su-xv-aniversario/" target="_self"  ><img loading="lazy" decoding="async" width="1440" height="960" src="https://museopresidentes.org.mx/noticias/wp-content/uploads/2025/11/568774793_1274714597792570_7563552294733718383_n.jpg" class="attachment-post-thumbnail size-post-thumbnail wp-post-image" alt="Reconocimiento del H. Congreso del Estado de Coahuila al Museo por su XV Aniversario" style="object-fit:cover;" srcset="https://museopresidentes.org.mx/noticias/wp-content/uploads/2025/11/568774793_1274714597792570_7563552294733718383_n.jpg 1440w, https://museopresidentes.org.mx/noticias/wp-content/uploads/2025/11/568774793_1274714597792570_7563552294733718383_n-300x200.jpg 300w, https://museopresidentes.org.mx/noticias/wp-content/uploads/2025/11/568774793_1274714597792570_7563552294733718383_n-1024x683.jpg 1024w, https://museopresidentes.org.mx/noticias/wp-content/uploads/2025/11/568774793_1274714597792570_7563552294733718383_n-768x512.jpg 768w" sizes="auto, (max-width: 1440px) 100vw, 1440px" /></a></figure>

<div class="wp-block-post-excerpt"><p class="wp-block-post-excerpt__excerpt">En el marco de la celebración del décimo quinto aniversario de nuestro Museo, el H. Congreso del Estado de Coahuila realizó este día un pronunciamiento oficial y entregó un reconocimiento con motivo de nuestros primeros 15 años de labor continua en favor de la cultura y la historia de nuestra entidad. Expresamos nuestro sincero agradecimiento</p><p class="wp-block-post-excerpt__more-text"><a class="wp-block-post-excerpt__more-link" href="https://museopresidentes.org.mx/noticias/noticias/reconocimiento-del-h-congreso-del-estado-de-coahuila-al-museo-por-su-xv-aniversario/">Leer Más&#8230;</a></p></div>


<hr class="wp-block-separator has-css-opacity"/>


<div class="wp-block-post-date"><time datetime="2025-10-28T23:39:25+00:00">octubre 28, 2025</time></div>
</li><li class="wp-block-post post-351 post type-post status-publish format-standard has-post-thumbnail hentry category-noticias">
<h2 class="wp-block-post-title"><a href="https://museopresidentes.org.mx/noticias/noticias/noche-de-museos/" target="_self" >Noche de Museos</a></h2>

<figure class="alignwide wp-block-post-featured-image"><a href="https://museopresidentes.org.mx/noticias/noticias/noche-de-museos/" target="_self"  ><img loading="lazy" decoding="async" width="1440" height="1440" src="https://museopresidentes.org.mx/noticias/wp-content/uploads/2025/10/557646293_1256569682940395_1911920640768957573_n.jpg" class="attachment-post-thumbnail size-post-thumbnail wp-post-image" alt="Noche de Museos" style="object-fit:cover;" srcset="https://museopresidentes.org.mx/noticias/wp-content/uploads/2025/10/557646293_1256569682940395_1911920640768957573_n.jpg 1440w, https://museopresidentes.org.mx/noticias/wp-content/uploads/2025/10/557646293_1256569682940395_1911920640768957573_n-300x300.jpg 300w, https://museopresidentes.org.mx/noticias/wp-content/uploads/2025/10/557646293_1256569682940395_1911920640768957573_n-1024x1024.jpg 1024w, https://museopresidentes.org.mx/noticias/wp-content/uploads/2025/10/557646293_1256569682940395_1911920640768957573_n-150x150.jpg 150w, https://museopresidentes.org.mx/noticias/wp-content/uploads/2025/10/557646293_1256569682940395_1911920640768957573_n-768x768.jpg 768w" sizes="auto, (max-width: 1440px) 100vw, 1440px" /></a></figure>

<div class="wp-block-post-excerpt"><p class="wp-block-post-excerpt__excerpt">El Gobierno del Estado de Coahuila, en conjunto con el Gobierno Municipal de Saltillo y el Museo de los Presidentes Coahuilenses, invita al público a disfrutar de una nueva edición de la Noche de Museos, un evento que busca acercar la cultura y la historia a la comunidad en un ambiente nocturno lleno de arte</p><p class="wp-block-post-excerpt__more-text"><a class="wp-block-post-excerpt__more-link" href="https://museopresidentes.org.mx/noticias/noticias/noche-de-museos/">Leer Más&#8230;</a></p></div>


<hr class="wp-block-separator has-css-opacity"/>


<div class="wp-block-post-date"><time datetime="2025-10-07T17:19:53+00:00">octubre 7, 2025</time></div>
</li><li class="wp-block-post post-354 post type-post status-publish format-standard has-post-thumbnail hentry category-noticias">
<h2 class="wp-block-post-title"><a href="https://museopresidentes.org.mx/noticias/noticias/taller-de-alebrijes/" target="_self" >Taller de Alebrijes</a></h2>

<figure class="alignwide wp-block-post-featured-image"><a href="https://museopresidentes.org.mx/noticias/noticias/taller-de-alebrijes/" target="_self"  ><img loading="lazy" decoding="async" width="1440" height="1440" src="https://museopresidentes.org.mx/noticias/wp-content/uploads/2025/10/556889896_1252330606697636_2565037977409133340_n.jpg" class="attachment-post-thumbnail size-post-thumbnail wp-post-image" alt="Taller de Alebrijes" style="object-fit:cover;" srcset="https://museopresidentes.org.mx/noticias/wp-content/uploads/2025/10/556889896_1252330606697636_2565037977409133340_n.jpg 1440w, https://museopresidentes.org.mx/noticias/wp-content/uploads/2025/10/556889896_1252330606697636_2565037977409133340_n-300x300.jpg 300w, https://museopresidentes.org.mx/noticias/wp-content/uploads/2025/10/556889896_1252330606697636_2565037977409133340_n-1024x1024.jpg 1024w, https://museopresidentes.org.mx/noticias/wp-content/uploads/2025/10/556889896_1252330606697636_2565037977409133340_n-150x150.jpg 150w, https://museopresidentes.org.mx/noticias/wp-content/uploads/2025/10/556889896_1252330606697636_2565037977409133340_n-768x768.jpg 768w" sizes="auto, (max-width: 1440px) 100vw, 1440px" /></a></figure>

<div class="wp-block-post-excerpt"><p class="wp-block-post-excerpt__excerpt">El Museo de los Presidentes Coahuilenses invita al público en general a participar en el Taller de Alebrijes, una actividad totalmente gratuita que busca fomentar la creatividad, el arte popular y el aprendizaje en familia. Este taller representa una oportunidad única para conocer más sobre la elaboración de estas coloridas figuras tradicionales que forman parte</p><p class="wp-block-post-excerpt__more-text"><a class="wp-block-post-excerpt__more-link" href="https://museopresidentes.org.mx/noticias/noticias/taller-de-alebrijes/">Leer Más&#8230;</a></p></div>


<hr class="wp-block-separator has-css-opacity"/>


<div class="wp-block-post-date"><time datetime="2025-10-02T17:35:48+00:00">octubre 2, 2025</time></div>
</li></ul></div>
